 j(7).
7
Let h(f) = 5*f**3 + 79*f**2 + 235*f + 85. Calculate h(-12).
1
Let j(n) = 64*n**3 - 1474*n**2 - 28*n + 1707. Calculate j(23).
5
Let m(n) = -3*n**2 - 166*n + 30. What is m(-62)?
-1210
Let n(a) = -3*a**3 - 233*a**2 - 106*a + 3626. Calculate n(-77).
-70
Let n(w) = -228*w**2 + 660*w + 94. What is n(3)?
22
Let m(h) = -624*h**2 + 515*h + 23. Determine m(1).
-86
Let i(l) = -127340*l + 1145972. Calculate i(9).
-88
Let v(n) = -813*n - 704859. Determine v(-867).
12
Let t(s) = -7*s**3 + 30*s**2 - 47*s + 238. Calculate t(5).
-122
Let b(t) = 4*t**3 + 281*t**2 + 289*t - 21974. Calculate b(-68).
-10
Let a(c) = 10102*c - 80897. Calculate a(8).
-81
Let o(c) = -4*c**3 + 2*c**2 + 77*c + 77. What is o(-1)?
6
Let s(t) = -171*t**2 - 6253*t - 22272. Calculate s(-4).
4
Let b(k) = 3*k**2 + 390*k - 2310. Determine b(6).
138
Let v(z) = z**3 + 492*z**2 + 8081*z + 3312. Determine v(-475).
462
Let l(j) = j**3 - 3*j**2 - 654*j + 5979. Determine l(9).
579
Let v(p) = 774432*p - 9293197. What is v(12)?
-13
Let c(u) = -u**3 - 30*u**2 - 11*u - 182. What is c(-21)?
-3920
Let k(x) = -37631*x + 188162. Determine k(5).
7
Let n(g) = -g**2 - 18193*g + 145606. Determine n(8).
-2
Let q(z) = z**3 + 142*z**2 + 1094*z - 13130. What is q(-133)?
569
Let i(f) = -782*f - 71099. Calculate i(-91).
63
Let m(z) = -7733*z**2 + 123661*z + 1075. Calculate m(16).
3
Let p(c) = -c**2 + 482853*c - 29933036. What is p(62)?
6
Let f(g) = 3*g**3 + 61*g**2 - 5721*g - 19. Give f(-55).
36
Let k(a) = 3740*a**2 + 7480*a + 1. Give k(-2).
1
Let y(h) = -380*h - 41209. Give y(-108).
-169
Let u(x) = -19*x**2 + 658*x + 275. Give u(36).
-661
Let z(c) = 369923*c + 369928. Calculate z(-1).
5
Let f(n) = n**3 + 465*n**2 + 5009*n + 180. Determine f(-11).
15
Let x(s) = -17*s**2 - 3837*s + 34694. Calculate x(9).
-1216
Let j(v) = 341*v**3 - 37*v**2 + 27*v + 8. Give j(1).
339
Let n(p) = 3589*p - 14349. Give n(4).
7
Let o(z) = 32*z**2 + 5661*z - 539. Give o(-177).
-8
Let m(p) = -p**2 + 2663*p - 1058044. Determine m(486).
-22
Let j(y) = 2310861*y - 4621659. What is j(2)?
63
Let x(v) = -2*v**3 - 158*v**2 - 26. Calculate x(-79).
-26
Let t(d) = -30*d**3 + 258*d**2 - 4*d + 14. Determine t(8).
1134
Let m(w) = -2*w**3 + 178*w**2 + 2196*w + 233. Give m(100).
-167
Let n(r) = 13*r**3 + 4163*r**2 - 8325*r - 7. What is n(2)?
99
Let s(x) = x**3 - 176*x**2 - 275*x + 48416. What is s(176)?
16
Let p(d) = -16*d**2 + 5617*d - 441. Calculate p(351).
-90
Let f(b) = -9153*b - 183057. Calculate f(-20).
3
Let w(r) = -r**3 + 430*r**2 - 6226*r + 752. Give w(415).
337
Let h(n) = n**3 - 71*n**2 + 1076*n + 519. Determine h(23).
-125
Let i(y) = y**3 + 28*y**2 - 37*y - 325. Calculate i(-29).
-93
Let v(l) = -8*l**3 - 2865*l**2 + 14170*l + 4728. Give v(-363).
9
Let x(l) = l**3 - 4*l**2 - 100*l - 15. Give x(-8).
17
Let r(y) = -y**3 - 100*y**2 - 1659*y - 295. Give r(-79).
-295
Let r(w) = -2350*w + 1215. Give r(1).
-1135
Let h(l) = -744*l + 397303. Calculate h(534).
7
Let d(n) = 11940*n + 3808860. What is d(-319)?
0
Let o(i) = -18*i**3 - 473*i**2 - 436*i + 37. Calculate o(-1).
18
Let a(b) = -12*b**2 - 110*b - 75. Calculate a(-4).
173
Let o(y) = -y**3 - 65*y**2 - 276*y - 9490. Determine o(-63).
-40
Let f(s) = s**3 - 59*s**2 - 1605*s - 46. Calculate f(-20).
454
Let q(c) = -c**2 - 7262*c - 446365. Determine q(-62).
35
Let p(l) = -5520*l + 132463. Calculate p(24).
-17
Let h(i) = 8*i**3 - 288*i**2 - 840*i + 8788. Give h(38).
-28
Let y(p) = 3407*p - 57930. Give y(17).
-11
Let p(a) = a**3 + 359*a**2 - 6743*a + 16206. Calculate p(-377).
-5
Let t(g) = -1999*g + 16122. Determine t(8).
130
Let o(f) = 41*f**2 + 6725*f + 343. Calculate o(-164).
179
Let q(b) = 2537*b + 131929. Calculate q(-52).
5
Let t(o) = 7*o**2 - 343*o - 3359. Determine t(55).
-1049
Let v(t) = 1524147*t - 4572449. What is v(3)?
-8
Let f(n) = 2786*n + 47312. Give f(-17).
-50
Let m(l) = -173*l - 18659. Calculate m(-106).
-321
Let f(k) = 2*k**2 - 99*k + 759. Calculate f(40).
-1
Let y(g) = 1393*g - 316210. Determine y(227).
1
Let p(q) = 2*q**3 + 539*q**2 - 63*q + 55870. Give p(-270).
-20
Let g(y) = 4599*y + 1756734. Determine g(-382).
-84
Let v(m) = -1987*m + 143178. Determine v(72).
114
Let y(s) = 155696*s + 2491148. Give y(-16).
12
Let v(w) = 275*w + 19927. Give v(-67).
1502
Let s(j) = -385693*j + 2314149. Determine s(6).
-9
Let i(q) = -90235*q - 89807. Calculate i(-1).
428
Let z(k) = -503*k - 7791. Determine z(-12).
-1755
Let p(r) = 105*r**2 + 73*r + 156. Determine p(-2).
430
Let x(i) = 44675*i + 178766. Calculate x(-4).
66
Let h(l) = 24*l**3 - 147*l**2 - 449*l - 5. What is h(-3)?
-629
Let u(g) = -g**3 + 40*g**2 + 327*g + 633. Determine u(-4).
29
Let d(s) = 13*s**3 - 73*s**2 - 35*s + 374. Calculate d(5).
-1
Let h(j) = 11*j**3 + 135*j**2 + 524*j - 6. What is h(-4)?
-646
Let y(z) = 27*z**3 - 598*z**2 - 4560*z - 7. Calculate y(-6).
-7
Let y(d) = 13075*d + 12198944. Calculate y(-933).
-31
Let y(n) = 2*n**3 - 531*n**2 - 131*n - 35901. Calculate y(266).
9
Let h(s) = 2*s**3 - 3*s**2 + 23*s + 41. Calculate h(6).
503
Let b(p) = 254*p**3 - 22*p**2 + 6*p + 8. What is b(-1)?
-274
Let l(x) = -x**3 + 29*x**2 - 115*x - 224. What is l(23)?
305
Let j(c) = 2*c**3 - 11*c**2 - 921*c - 1802. Give j(-2).
-20
Let j(t) = -t**3 + 115*t**2 - 1134*t - 195. Calculate j(104).
845
Let q(a) = a**3 + 53*a**2 - 213*a - 9095. Determine q(-54).
-509
Let j(y) = y**2 + 3078*y + 18542. Calculate j(-6).
110
Let r(s) = -14171*s - 28439. Give r(-2).
-97
Let g(v) = 10*v**2 + 318*v + 2505. Determine g(-14).
13
Let p(d) = -335*d + 46740. Determine p(137).
845
Let h(o) = 3*o**3 + 119*o**2 + 434*o - 11. Calculate h(-4).
-35
Let n(s) = s**2 + 4164*s - 16679. Give n(4).
-7
Let a(s) = 116*s**2 + 260*s - 11180. Give a(-11).
-4
Let g(w) = 26*w**2 + 246*w + 559. Calculate g(-4).
-9
Let i(y) = -4*y**2 - 11115*y - 524311. Determine i(-48).
-7
Let j(m) = 35*m**2 + 1170*m + 495. What is j(-33)?
0
Let m(b) = -2*b**2 + 1059*b - 28102. Calculate m(28).
-18
Let c(r) = -376*r**2 + 4146*r - 151. What is c(11)?
-41
Let v(n) = 5*n**3 - 441*n**2 + 89*n - 174. Determine v(88).
-86
Let i(m) = -393*m - 61717. Give i(-157).
-16
Let j(d) = -5*d**3 + 18*d**2 + 29*d + 11. Give j(0).
11
Let z(j) = 10236*j - 634625. Give z(62).
7
Let n(i) = 2*i**3 - 95*i**2 + 640*i - 27841. Calculate n(47).
30
Let c(m) = -m**2 + 38*m - 15. What is c(-9)?
-438
Let z(y) = 190*y - 2847. Determine z(15).
3
Let r(h) = h**2 + 4637*h - 1825708. Determine r(365).
22
Let l(x) = x**2 + 29784*x - 1820549. What is l(61)?
-4
Let u(b) = -4*b**2 + 623*b + 10244. Determine u(-15).
-1
Let i(b) = -1647*b + 339278. Give i(206).
-4
Let k(p) = 4*p**2 - 14*p + 427. Calculate k(0).
427
Let a(r) = -2*r**3 + 157*r**2 + 872*r - 10350. Give a(83).
25
Let q(k) = -99*k - 11690. Give q(-118).
-8
Let p(b) = 21*b**3 - 477*b**2 - 139*b + 39. Calculate p(23).
16
Let w(n) = -449*n**2 - 1783*n + 62. What is w(-4)?
10
Let j(o) = 3202*o**2 + 38382*o - 382. Calculate j(-12).
122
Let y(g) = -13190*g - 184608. Calculate y(-14).
52
Let p(h) = 2611385*h**2 - 7834155*h + 5. What is p(3)?
5
Let x(c) = -c**3 + 37*c**2 - 2084*c + 70494. Calculate x(35).
4
Let k(c) = -73299*c - 366492. Calculate k(-5).
3
Let p(f) = -f**3 + 859*f**2 - 31984*f + 157. Calculate p(39).
1
Let p(t) = -42828*t - 1541906. Give p(-36).
-98
Let r(f) = 69*f - 1250. Determine r(40).
1510
Let c(r) = 882*r + 821. Determine c(-1).
-61
Let g(m) = -m**3 - 33*m**2 - 1411*m - 57628. Determine g(-37).
55
Let l(d) = -2394*d + 2331629. What is l(974)?
-127
Let p(q) = -5*q**2 + 59*q + 654. Determine p(-10).
-436
Let a(d) = -10474*d**2 - 31412*d + 29. Determine a(-3).
-1
Let n(b) = 192*b + 1720. What is n(-9)?
-8
Let m(g) = -2*g**2 + 457*g + 65709. Determine m(-100).
9
Let o(z) = 9*z**2 + 4802*z + 636651. Determine o(-246).
3
Let c(q) = -64*q**2 - 125*q + 207. Determine c(2).
-299
Let z(n) = n**2 - 8314*n + 3. Calculate z(0).
3
Let v(z) = -6*z**3 + 485*z**2 + 4*z - 357. What is v(0)?
-357
Let j(m) = -244*m**3 - 76*m**2 - 93*m - 16. Determine j(-1).
245
Let t(q) = -1440*q - 4012. What is t(-5)?
3188
Let t(l) = -l**3 - 7*l**2 - 104*l + 8. Determine t(0).
8
Let y(w) = -2426*w + 1177. What is y(0)?
1177
Let g(k) = 732*k**2 - 8417*k - 14296. What is g(13)?
-9
Let x(p) = -4*p**3 - 8*p**2 + 2353*p + 1262. Determine x(-25).
-63
Let l(d) = d**3 + 56*d**2 + 182*d + 32. What is l(-3)